 + 8 = b. Suppose 0*l + 8 = -b*l. Calculate x(l).
-9
Let f be 1/(-4) + 45/(-12). Let g(j) = j**3 - 7*j**2 + 8*j - 8. Let i be g(6). Let r(o) = -3*o**2 - o**3 - 5*o - 3*o**2 + 4*o**3 - i*o**3 + 4. Give r(f).
-8
Let u(w) = 3*w + w + 2*w**2 + 0*w - 3*w**2 + 5. What is u(5)?
0
Let y(h) = -3*h - 34 + 34 - h**2. Suppose 6 = 3*z + 15. Give y(z).
0
Let b be 2/(-6) + (-16)/(-3). Let r(q) = q - 8. Determine r(b).
-3
Suppose 0 = -3*d - 3*k - 6 + 27, -3 = -d + k. Let j(s) = s**2 - 6*s + 2*s + d + 0 + 0*s**2. Determine j(4).
5
Let v be 3/3 - -1 - -1. Let d(k) = -k**2 - 6*k - 1 + k - v. Let z be d(-5). Let o(a) = -a - 7. Determine o(z).
-3
Let s be 0 + -2 - (-5)/1. Let h(y) = y**2 + 4*y**3 - y**s - 3*y - 2*y**3 + y**2. Determine h(-3).
0
Suppose -3*s + 12 = -2*i, 3*i + 8 - 47 = -5*s. Let h(x) = 6 + x**2 + 4*x - 4*x + s*x. What is h(-6)?
6
Let f be 2/(-2)*(-1 + -1). Suppose h = -2*n - 5, -f*h - 10 + 0 = -3*n. Let z(y) = -4*y**2 - 6*y**2 - 6 + y**3 - y + 13*y**2 + 2*y**2. Give z(h).
-1
Let f = -66 + 64. Let x(d) = 3*d**2 - 4*d - 3. Determine x(f).
17
Let b(x) = 2*x - 2*x + 4*x**3 - x. Let a = 22 - 23. Determine b(a).
-3
Let m(j) = j**2 - 4*j. Let h(q) = -q**3 - 5*q**2 + 2*q - 4. Let x be h(-6). Suppose 0 = -w - 3*w + x. Give m(w).
5
Suppose f + 4*i - 1 = 2*f, 4*f + i = -4. Let p(j) = -5*j**3 - 2*j**2 + 1. Determine p(f).
4
Let w(g) = g + 7. Let m be (72/(-30))/(-2*3/(-20)). Determine w(m).
-1
Let t(f) = -3*f + 1. Let s(g) = g. Let o(v) = -4*s(v) - t(v). Determine o(3).
-4
Let h(a) = -a**3 - a**2. Suppose 5*i - 2*i = -3. Let l(n) = -2*n**2 + n + 3. Let d(z) = i*l(z) - h(z). What is d(-4)?
-15
Let r(o) = 5*o + 37. Let m be r(-7). Let j(a) be the first derivative of -3/2*a**2 - m*a + 2 - 1/4*a**4 - 1/3*a**3. Calculate j(-2).
8
Let p(d) be the second derivative of -d**5/20 - d**3/6 - d**2/2 - 3*d. Suppose 3*q - 5 = -2. Suppose -q = i + 1. Give p(i).
9
Let j(x) = 2*x**2 - 13*x - 4. Let t be j(7). Let h(o) = 3*o - 3. Let d be h(t). Let f(v) = 2*v - 4. Give f(d).
8
Let a(g) = -g - 11. Let t(r) = -r**2 + 11*r + 18. Let x be t(13). Give a(x).
-3
Let r(f) = 69 + 5*f - 7*f**2 - 36 + 2*f**2 + f**3 - 36. Let k = 9 + -5. Calculate r(k).
1
Let j(k) = -k - 3*k**3 - 5*k**2 + 7*k + 1 - 4 + 2*k**3. Give j(-6).
-3
Suppose 7*i - 10*i - 18 = 0. Let n(q) = -3*q - 4. Give n(i).
14
Let u = -4 + -1. Let j = 1 + u. Let w(o) = o**3 + o**2 - 2*o - 8. Let g(c) = -c**2 - c - 1. Let d(q) = 3*g(q) - w(q). Calculate d(j).
9
Let w(p) = p. Let o(d) = -d - 5. Let l be o(-7). Suppose -5 = l*c + y, 0*y = -3*c - 5*y + 10. Determine w(c).
-5
Let f(m) be the third derivative of -8*m**2 + 0*m + 0 - 1/24*m**4 + 5/3*m**3. What is f(0)?
10
Let r(o) = o - 27. Suppose -3*b = -5*x + 5, -4*b - x = 4*x - 5. Calculate r(b).
-27
Let c(w) be the third derivative of -w**5/60 - 5*w**3/6 - 2*w**2. Let a = 7 - 7. Give c(a).
-5
Let x(c) = c. Let t(d) be the second derivative of -d**2/2 + 2*d. Let r(h) = -t(h) - 2*x(h). Suppose 7*u = -5*q + 3*u + 2, 11 = -4*q + u. Give r(q).
5
Let c(v) be the first derivative of -3*v**2 - v - 1. Calculate c(-1).
5
Let a(s) = s - 4. Let v(b) = b**3 + 8*b**2 - b - 5. Let n(l) = 2*l**3 + 3*l**2 + l - 2. Let p be n(-2). Let h be v(p). Calculate a(h).
-1
Suppose -3*w = -5*w - 6. Let c be (w/6)/(1/(-6)). Let i(t) = -t. Determine i(c).
-3
Suppose -13 = -2*p + 5*d, -5*p + 3*d + 11 = -50. Suppose 0 = -5*h - p - 1. Let w(c) = c**2 - 2*c - 4. Determine w(h).
11
Let o(j) = -j**3 - 5*j**2 + 2*j + 4. Suppose 2*f + 9 = -b - 3, -5*b = -5*f - 15. Calculate o(f).
-6
Let x(q) be the first derivative of -q**4/12 + q**3/6 + q**2/2 + 4*q - 3. Let f(n) be the first derivative of x(n). Calculate f(1).
1
Let n(v) = -3*v**2 + 3*v. Suppose 4*k = -2*c - 8, -16 = -k - 2*c - 3*c. Let p = 0 - 2. Let z = p - k. Determine n(z).
-6
Let o(r) = -r**2 + 6*r - 6. Suppose 4*f = 2*d + 3*f - 9, -3 = 3*f. What is o(d)?
2
Let d be 3/(-2)*-2 - 0. Let o = 5 - d. Let q(l) = -l + 2 + 3*l**3 + l**2 - o*l**3 - 2*l**2 + 0*l. What is q(0)?
2
Let k(o) = -14*o**2 - 26*o + 6. Let y(a) = -5*a**2 - 9*a + 2. Let d(w) = -4*k(w) + 11*y(w). Let u be d(-6). Let b(q) = 2 - 4 - 51*q + 49*q. Give b(u).
-10
Let f(l) be the third derivative of 0*l + 1/6*l**3 + 4*l**2 + 0 - 1/12*l**4. Give f(6).
-11
Let o be (14 - -3)*1*-1. Let q(h) = -5*h**3 - 13*h**2 + 12*h + 8. Let g(f) = 14*f**3 + 38*f**2 - 35*f - 23. Let w(n) = o*q(n) - 6*g(n). Give w(6).
2
Let m(i) = -175*i. Suppose 339 = -5*n - 311. Let u(w) = -8*w. Let r(v) = n*u(v) + 6*m(v). Let z be 4/6 - 2/(-6). Calculate r(z).
-10
Suppose 5*t = -5, 0 = 2*h - 3*h - 2*t + 2. Let r(l) = -l**3 + 4*l**2 - 2*l + 5. Calculate r(h).
-3
Let m(h) = h**2 + 3*h + 3. Let s be m(-3). Let k(p) be the third derivative of -1/12*p**4 - 1/120*p**6 + 10*p**2 + 1/20*p**5 + 0 + 0*p**3 + 0*p. Give k(s).
-6
Let k(y) = y**2 + y - 1. Suppose -3*r = -4*r + 2. Let o be (1/r)/((-2)/40). Let z be 8/(-20) - 4/o. Give k(z).
-1
Let s(r) = 10*r**3 - 2*r**2 - 2*r - 1. Suppose 5*x = -15, 3*f - 4*x - 12 = -x. Let l be 8 - 6 - (0 + f). Suppose -3*g - 2 - l = 0. Give s(g).
-11
Let q(c) = -3*c - 4. Let x(u) = -4*u - 5. Let t(g) = -3*q(g) + 2*x(g). What is t(-2)?
0
Let f(b) = -2*b**2 - 2*b - 1. Suppose -2*o = -5*o - 5*i + 23, 3 = 3*i. Suppose 0*x + 2*x + 5*d + 12 = 0, -3*d = o. What is f(x)?
-1
Let q(n) = 59*n + 58*n - 1 - 121*n. Let p = 5 + -7. Determine q(p).
7
Let l(s) = 8*s + 4. Let m(k) = -23*k - 14. Let v(p) = 17*l(p) + 6*m(p). Give v(-11).
6
Let c = 8 - 13. Let x(r) = -r**2 - 5*r + 2. Calculate x(c).
2
Let c(m) = -3*m. Let v(x) = x**3 - 9*x**2 + 7*x + 10. Let h be v(8). What is c(h)?
-6
Let m be (2 - -1)*(-4)/(-3). Suppose 22 + 18 = 8*b. Let k(z) = 2*z + b - z - m. Determine k(4).
5
Let x(j) = 8*j - 4. Let n(v) = -9*v + 6. Let h(t) = -3*n(t) - 4*x(t). Give h(-5).
23
Let s(n) = n**2. Let x = 2 - 14. Let c = 11 + x. Give s(c).
1
Let h(i) be the first derivative of -i**2/2 + 5*i - 7. Give h(5).
0
Let j = -20 - -20. Let k(h) = -h**2 + h - 6. Determine k(j).
-6
Let l = 13 + -8. Suppose q + l*r = 11, -3*r + 10 = -3*q - 11. Let s(d) = -2 + 3 - d**3 + 3*d - d**2 - 2*d**2. Determine s(q).
5
Let d(q) = q - 4. Let l be (6/(-4))/(18/(-36)). Determine d(l).
-1
Let k = 359 - 362. Let i(q) be the first derivative of 4*q + 3/2*q**2 - 1. What is i(k)?
-5
Suppose 4*f - 8 = 0, -5*i + 0*f - 5*f = -5. Suppose -3*b + 3*t - 4 + 19 = 0, 2*b = 3*t + 11. Let s(z) = -3*z - z**3 + 8*z - b*z. What is s(i)?
0
Let s(p) be the second derivative of 3*p + 1/12*p**4 + 1/6*p**3 - 1/20*p**5 + 0 - p**2. Give s(0).
-2
Let y be 11/3 + (-2)/(-6). Let f(h) = -h**3 + 9*h**2 - 8*h + 3. Let d be f(8). Let n(k) = -d*k**2 - k**2 + 0*k**2 - k**3 + 2*k + 2 + 7*k**2. Calculate n(y).
-6
Let k(l) = -l + 1. Let g be k(3). Let q(x) = -3*x - 4*x**2 - 6 + 3*x**2 + 3. Determine q(g).
-1
Let w(y) = 3*y**2 + 2*y + 1. Let i(j) = 5 - 6 - 2*j**3 + j + 0*j**3 + 0*j. Let h be i(1). Calculate w(h).
9
Let p(c) = -7*c**3 + 5*c**2 - 5*c + 12. Let z(y) = 20*y**3 - 14*y**2 + 14*y - 35. Let s(g) = -17*p(g) - 6*z(g). Give s(0).
6
Let i(h) = h**3 + 4*h**2 - 2. Suppose -2*y + 4 = -2*l, 3*l - 2*l - 10 = 5*y. What is i(y)?
7
Let a = 3 + 1. Let p(i) = 3 + 6*i - 2 + a*i. Give p(1).
11
Let b(c) = 5*c**2 - c - 4. Let y(a) be the third derivative of a**5/15 - 2*a**3/3 + 4*a**2. Let f(h) = 5*b(h) - 6*y(h). Determine f(5).
4
Let o(n) = -n**3 - 6*n**2 - 4*n + 3. Let b(p) = -p - 11. Let w be b(-6). What is o(w)?
-2
Let i(g) = 1. Let k(u) = u + 11. Let o(m) = 6*i(m) - k(m). Calculate o(-5).
0
Let c(w) = w**3 - w**2 + 7. Let u(l) = l**3 - l**2 + 2. Let p be u(2). Let t(n) = -2 - p + 1 + 1 - n. Let k be t(-6). Calculate c(k).
7
Let j(i) = -i + 6. Suppose -t - 2*t + 63 = 0. Let k = t - 21. What is j(k)?
6
Let c(u) = -11*u + 10 - 10*u**3 + 4*u**3 + 8*u**2 + 5*u**3. What is c(7)?
-18
Let t(v) be the third derivative of -2*v**2 - 1/20*v**5 + 1/120*v**6 + 0 + 1/24*v**4 - 1/6*v**3 + 0*v. Let o = -2 + 5. Give t(o).
2
Let y(l) = 4*l - 4*l - 2 - 4*l - 2*l**2. Let n be ((-9)/6*-4)/2. Suppose -4*o = n*z - 0*o + 10, o = 2*z + 3. What is y(z)?
-2
Let d(n) be the third derivative of -n**4/24 + n**3/2 - n**2. Let g be d(7). Let v(k) = 2*k + 3. Determine v(g).
-5
Let a(b) be the third derivative of -b**5/120 + b**3/6 - b**2. Let z(c) be the first derivative of a(c). Calculate z(0).
0
Let q = -1 - -2. Let a(h) = 4*h - 2*h + 1 + q - 5. W